prime factors of z?
3, 11
Let u(l) = l**3 - 3*l**2 + 2*l + 1. Let k be u(4). Let o = k + 2. List the prime factors of o.
3
Suppose h = -3 + 6. Let d(v) = v**2 - 3*v + 4. List the prime factors of d(h).
2
Let f = 27 + 49. List the prime factors of f.
2, 19
Let t(v) be the second derivative of -v**3/3 - 7*v**2/2 - 4*v. Let u be t(-6). Suppose -y + 3*l - 9 = 0, -u*y + 4 = -3*l + 1. List the prime factors of y.
3
Suppose 0 = 9*p - 8*p - 215. Suppose 0*b - 3*b = -a + 49, 0 = 5*a - 5*b - p. What are the prime factors of a?
2, 5
Let t = -4 + 8. Suppose t*c - 75 + 31 = -4*j, -j = -4*c - 16. What are the prime factors of j?
2, 3
Let p(c) = c**2 - 3*c + 2. Let x be p(4). Suppose 3*u = -l + 21, l - x*l + 3*u = -69. List the prime factors of l.
3, 5
Let u be (-2)/(-7) + 26/7. Suppose u = j - 14. What are the prime factors of j?
2, 3
Let d(v) = v**2 + 2*v + 1. Let a be d(-3). Suppose 0 = 4*b - b + 2*s - 25, 5*s - a = -b. What are the prime factors of 3/b + (-8)/(-3)?
3
Suppose -2 = -2*p - 0. Suppose 30 = 3*d + 3*j, -2*d + 4*j + 23 + 9 = 0. Let v = d - p. List the prime factors of v.
11
Suppose 6 = 5*j + t - 3*t, 15 = -5*j - 5*t. Let h(w) = w**2 + 15. List the prime factors of h(j).
3, 5
Let t be 8*((-14)/(-4) + -3). Suppose 0*f - 64 = -t*f. List the prime factors of f.
2
Let t(c) = 2*c**3 - 4*c**2 + 4*c - 2. Let q(x) = -x**2 + 9*x + 12. Let n be q(10). Let a be t(n). Suppose -2*o = -a*o + 20. What are the prime factors of o?
5
What are the prime factors of (-1)/((-1)/(-3)) + 52 + -5?
2, 11
Let d(v) = 11*v + 10*v - 2 - v. List the prime factors of d(1).
2, 3
Suppose -5*k + 10*k = 215. Suppose -3*h - 28 = -u, 2*u - k = -2*h - 3. What are the prime factors of u?
2, 11
Suppose 0 = -5*y + 1 + 9. Suppose -30 = -y*k + 10. What are the prime factors of k?
2, 5
Let n = -27 - -160. Suppose q + 24 = 4*c - 89, -4*c = -5*q - n. Suppose s = -2*s + c. List the prime factors of s.
3
Suppose -3*t + 220 = 2*t. List the prime factors of t.
2, 11
Let w = 127 + -72. Suppose j - 54 = -2*j - 3*k, 3*j = -4*k + w. What are the prime factors of j?
17
What are the prime factors of (-36)/(-5)*25/2?
2, 3, 5
Let s(c) = -15*c**3 - 3*c**2 - 3*c - 1. List the prime factors of s(-1).
2, 7
Let n(c) = -12*c**3 - c**2 + 2*c + 3. What are the prime factors of n(-2)?
7, 13
Let c(q) = 2*q**2 + 5*q - 5. Let i = -6 - -1. What are the prime factors of c(i)?
2, 5
Let m = -6 + 7. Suppose -4 + m = 3*c. List the prime factors of c - (-11 + 9/(-3)).
13
Let x(b) = 17*b**2. Let f = 6 - 5. Let r be x(f). Suppose -r = -2*h - 3. What are the prime factors of h?
7
Suppose 9*z - 557 = 1288. List the prime factors of z.
5, 41
Suppose 0 = 2*o - 8, -2*z + z - 5*o + 33 = 0. Let m = -9 + z. What are the prime factors of m?
2
Let u(g) = g**3 + 5*g**2 + g + 6. Let f be u(-5). Let k = 4 + f. Suppose -3*l = -q - 4, 0 = 4*l + k*q - 8*q - 2. What are the prime factors of l?
2
Suppose 2*t = 3*m + 4, -t + 0*m - 12 = -5*m. Suppose i - 5 = 0, -6 = -x + i + t. What are the prime factors of x?
19
Suppose -5*u = -4*w - 176, -2*u + u = 5*w - 41. What are the prime factors of u?
2, 3
Let p(b) = b - b + 0*b + 1 - 4*b. What are the prime factors of p(-1)?
5
Suppose -5*p + 24 = 2*j, 0 = -2*j + 3*j - p - 26. List the prime factors of j.
2, 11
Suppose -25 - 5 = 3*y. Suppose -6*g = -11*g - 20. Let d = g - y. What are the prime factors of d?
2, 3
Suppose 0 = -9*k + 11*k - 236. List the prime factors of k.
2, 59
Let d = 0 - 0. Let g be 2*(d + 9/6). Suppose -12 = -3*z + g. List the prime factors of z.
5
Let g(p) = 12*p**2 + p - 6. Let h be g(-3). Suppose -3*d = 3*x - 56 + 8, -4*d = -3*x - h. What are the prime factors of d?
3, 7
Suppose 8*d + 4160 = 21*d. What are the prime factors of d?
2, 5
Let h(i) = 8 + i + 5*i + 0*i**2 - i**2. Let j be h(8). What are the prime factors of (18/4)/((-4)/j)?
3
Suppose -20 - 60 = -5*l. Suppose t + 8 + 8 = 5*a, 4*a = l. Suppose -4*r + t*b = -12, b = 2*r - 8 - 0. List the prime factors of r.
5
What are the prime factors of 9/(-12)*-1*72?
2, 3
Let q(c) = 2*c**2 + 5*c - 1. Let k be q(-7). Suppose k = o + o. List the prime factors of o.
31
Let c = -56 + 31. List the prime factors of (-5)/c + (-74)/(-5).
3, 5
Let k(s) = -2*s - 18. Let f be k(-13). Suppose f*j = 4*j + 80. What are the prime factors of j?
2, 5
Suppose 12 = 4*f - 2*f. Let n = -3 + 0. What are the prime factors of (n/f)/((-1)/8)?
2
Let l(i) = -2*i + 1. Let f be l(-2). Suppose 0 = j - f*b - 10 - 7, 2*b - 58 = -5*j. What are the prime factors of j?
2, 3
Let m = 16 - -3. List the prime factors of m.
19
Let j = -164 + 284. Suppose -3*t = t - j. What are the prime factors of t?
2, 3, 5
Let w(x) = -15*x**2 + 27*x. Let l(s) = 7*s**2 - 13*s. Let i(t) = 13*l(t) + 6*w(t). Let c be i(7). What are the prime factors of 0 + (c - (-3 - -1))?
2
Suppose 3*r + 2*r = 60. Let d(n) = 21*n**2 - n + 1. Let c be d(1). Let j = c - r. List the prime factors of j.
3
Let t be -2*6/(-4) + -1. Suppose -t*h + 4 = -0. Suppose r - h*r + 17 = i, -72 = -4*r - 5*i. List the prime factors of r.
13
Let o be -1*(-2)/2 - 1. Suppose -3*m + o*m = -36. Suppose -5*q + 0*f + f = -m, -2*f = -4*q + 6. List the prime factors of q.
3
Let a(v) = -v**3 - 3*v**2 - 4*v. List the prime factors of a(-6).
2, 3, 11
Let a(d) = d**3 + 9*d**2 + 7*d - 6. Let g be a(-8). Suppose 12 = v + g*v. Suppose 0*h = h - w - 16, 5*w = v*h - 68. List the prime factors of h.
2, 3
Suppose 6*w = -3*w + 765. List the prime factors of w.
5, 17
Suppose -5*w + 2*d + 1 = 0, -3*w + 0*w - 4*d + 11 = 0. Let j be w/(-2)*(-3 + 1). List the prime factors of (11 + -2 - 2)*j.
7
Let x = 18 + 20. What are the prime factors of x?
2, 19
Suppose -2*g - 4 - 10 = 3*t, -3*g = -4*t + 55. Let l = 5 - g. List the prime factors of l.
2, 3
What are the prime factors of -13 + 68 + 1*3?
2, 29
Let k(s) = -5*s - 16. Let t(x) = -2*x - 5. Let j(o) = -3*k(o) + 8*t(o). List the prime factors of j(-6).
2, 7
Let k(i) = 3*i**3 + i**2 - 1. Let q be k(-3). List the prime factors of (-45)/75 - q/5.
2, 7
Suppose -d + 5*d - 152 = 0. Let t = 43 + d. List the prime factors of t/12 + 2/8.
7
Let d = 0 + 0. Let j = d - -2. Suppose -a = j*a - 9. List the prime factors of a.
3
What are the prime factors of (0 - -3) + 1 + 1?
5
What are the prime factors of (-9)/(-3) + 149 + -1?
151
Suppose 2*r + 5*m - 54 = 0, 2*r - m = -0*r + 78. Suppose -4*h + 35 = -r. List the prime factors of h.
2, 3
Suppose -3*s + 62 + 64 = 0. What are the prime factors of s?
2, 3, 7
Let x(h) be the first derivative of -h**3/3 + 6*h**2 + h - 5. What are the prime factors of x(8)?
3, 11
Suppose -2*t + 4*r + 14 = 0, 3*t - 18 = 5*r - 0. Let q be -4*t/(-4)*15. List the prime factors of (q - -2) + 2 + 0.
19
Suppose -4*d - 3 + 11 = 0. Suppose 8 = 2*o - d. Suppose o*c = 13 + 17. List the prime factors of c.
2, 3
Suppose 0*h = 5*g + 4*h - 37, 3*h - 24 = -3*g. Let i(x) = x + 1. Let z be i(g). List the prime factors of (z/(-4))/((-2)/28).
3, 7
Suppose -3*y + 228 = 2*a, 4*y - 3*a - 399 = -y. List the prime factors of y.
2, 3, 13
Let k = -10 - -5. Let v be 5*-2*2/k. Suppose 21 = 3*z + v*s, -2*z - 3*z - 4*s = -27. List the prime factors of z.
3
Suppose 5*r = r + 264. Let q(s) = s**2 + 2*s + 1. Let p be q(-1). Suppose -3*l + p*c + 3*c + r = 0, 5*l + c = 92. List the prime factors of l.
19
Let w(g) be the third derivative of 7*g**4/3 - 3*g**2. Let h be w(1). Suppose 5*t - 10 = -u, -t = -3*u - 3*t + h. What are the prime factors of u?
2, 5
Suppose 5*n + 1 = -4. Let g be (n/2)/((-2)/100). List the prime factors of (-2 + (g - 1))/2.
11
Let h be ((-40)/(-10))/(2*-1). What are the prime factors of 15 + (h/(-2) - -2)?
2, 3
Suppose 3*h - 11 = -r, 0*r - 3*h - 91 = -5*r. Let v = r + -26. What are the prime factors of 2/(-9) - 74/v?
2
Let c(y) = y**3 + 3*y**2 + 3. Let i be c(-3). Suppose 0 = -7*a + i*a + 52. What are the prime factors of a?
13
Suppose 0 = -3*o + 8*o - 2040. List the prime factors of o.
2, 3, 17
List the prime factors of 153/4 - (-2)/(-8).
2, 19
Let t(p) = p**2 + 3*p - 1. Let d be t(-2). Let q = d - -7. What are the prime factors of q?
2
Suppose -5*m - 2*o = -m - 188, -3*m + 2*o = -134. What are the prime factors of m?
2, 23
Let f(d) = 0*d + d - 3*d - d. What are the prime factors of f(-3)?
3
Suppose -b + 4*z = -1, -3*b - z + 23 = -3*z. List the prime factors of b.
3
Suppose -g + 5*g - 484 = 0. Suppose 3*s